MONTHLY CLIMATOLOGICAL SUMMARY for OCT. 2020

NAME: Vejrstation Sortsų Strand   CITY: Sortsų Strand STATE: Denmark
ELEV: 3 LAT: 054:56:60 LONG: -011:58:60

                            TEMPERATURE ( °C), RAIN (mm), WIND SPEED (m/s)

                                               HEAT     COOL           AVG
      MEAN                                     DEG      DEG            WIND                       DOM
DAY   TEMP    HIGH   TIME     LOW    TIME      DAYS     DAYS    RAIN   SPEED    HIGH    TIME      DIR
--------------------------------------------------------------------------------------------------------
01    14.8    16.3   12:50    13.4   04:42     03.5     00.0    00.0   04.2     09.3    11:20     ENE
02    15.0    16.6   13:25    14.2   08:37     03.3     00.0    00.5   06.3     12.4    22:11     ENE
03    15.3    15.9   23:57    14.3   02:30     03.0     00.0    00.0   08.2     15.4    14:25     ENE
04    14.2    17.6   16:21    11.2   00:00     04.1     00.0    00.8   01.0     09.8    00:09     ESE
05    13.8    16.4   14:15    09.6   01:03     04.5     00.0    00.0   02.5     08.7    16:25      E 
06    11.2    13.5   21:55    07.3   05:02     07.1     00.0    00.3   00.7     06.7    11:38     SSE
07    12.6    15.7   13:32    10.7   23:52     05.7     00.0    01.8   01.1     08.2    12:16     SSE
08    11.4    13.9   23:30    09.8   03:12     06.9     00.0    06.1   01.5     11.3    23:44     SSE
09    12.3    15.4   14:37    10.2   22:01     06.0     00.0    00.5   01.6     14.4    02:22     WSW
10    09.5    11.8   15:48    06.7   23:45     08.8     00.0    02.0   00.8     09.3    14:42      S 
11    08.0    12.0   14:06    05.3   06:13     10.3     00.0    00.8   00.7     08.2    10:29     SSE
12    08.3    12.9   16:41    04.2   07:59     10.0     00.0    00.5   00.2     05.1    13:19      W 
13    09.6    13.3   13:09    05.0   06:32     08.7     00.0    00.3   01.8     06.2    23:59     NNW
14    10.0    11.6   16:41    07.9   07:32     08.3     00.0    00.0   08.8     15.4    13:21     NNW
15    08.9    10.7   16:11    07.2   00:00     09.4     00.0    00.0   07.2     13.4    03:47     NNW
16    09.2    12.3   15:09    05.7   04:31     09.1     00.0    00.0   04.0     08.2    22:32     NNW
17    09.0    12.0   14:04    06.4   21:37     09.3     00.0    00.0   02.5     07.7    01:01     NNW
18    10.0    11.6   15:06    08.3   18:43     08.3     00.0    00.0   03.1     14.4    04:59      W 
19    08.8    12.5   14:50    05.7   07:53     09.5     00.0    00.0   00.5     09.8    12:54      SW
20    09.6    10.8   14:03    08.1   00:43     08.7     00.0    00.5   01.0     09.8    12:46      SE
21    11.6    15.2   00:00    09.8   00:29     06.7     00.0    04.8   01.4     11.8    23:53     SSE
22    14.5    16.7   14:45    12.5   21:56     03.8     00.0    00.3   02.8     17.0    04:46      S 
23    11.1    13.5   14:00    06.5   22:22     07.2     00.0    00.0   00.9     10.8    04:29     SSW
--------------------------------------------------------------------------------------------------------
11.2 (11.3)   17.6  day 04     04.2  day 12   162.3    000.0   019.1   02.7     17.0   day 14     NNE
Min <=   30: 23
Max Rain: 6.1 ON 8-10-20
Days of Rain: 13 (> .2mm) 3 (> 2mm) 0 (> 20mm)