MONTHLY CLIMATOLOGICAL SUMMARY for MAR. 2024 NAME: Vejrstation Sortsų Strand CITY: Sortsų Strand STATE: Denmark ELEV: 3 LAT: 054:56:60 LONG: -011:58:60 TEMPERATURE ( °C), RAIN (mm), WIND SPEED (m/s) HEAT COOL AVG MEAN DEG DEG WIND DOM DAY TEMP HIGH TIME LOW TIME DAYS DAYS RAIN SPEED HIGH TIME DIR -------------------------------------------------------------------------------------------------------- 01 04.9 08.7 15:08 03.2 04:24 13.4 00.0 00.0 03.2 08.7 08:06 SSE 02 05.5 07.5 16:08 03.8 02:24 12.8 00.0 00.0 02.5 06.2 20:45 SE 03 05.6 07.1 13:00 03.8 00:00 12.7 00.0 00.0 04.2 09.8 13:10 E 04 04.1 05.4 15:01 02.9 22:36 14.2 00.0 00.0 07.0 11.8 18:33 E 05 02.9 04.4 18:01 01.6 00:00 15.4 00.0 00.0 07.7 13.4 18:34 E 06 02.9 05.3 11:17 01.6 01:30 15.4 00.0 00.0 04.6 09.3 00:13 E 07 02.1 04.0 14:51 -01.2 23:56 16.2 00.0 00.0 04.4 08.7 12:41 E 08 00.6 02.4 00:00 -00.7 08:17 17.7 00.0 00.0 03.6 07.7 23:51 ESE 09 02.1 03.4 14:39 01.1 04:18 16.2 00.0 00.0 08.4 14.9 12:59 ESE 10 03.1 04.3 13:16 02.1 05:25 15.2 00.0 00.0 09.8 15.4 19:41 E 11 03.5 04.6 11:51 02.4 17:19 14.8 00.0 00.0 07.8 14.9 04:31 E 12 03.2 03.7 16:38 02.7 01:44 15.1 00.0 00.0 02.8 05.7 06:28 E 13 06.4 09.9 15:31 03.6 00:17 11.9 00.0 00.0 01.3 06.2 15:16 SSE 14 09.6 12.7 17:26 05.9 21:10 08.7 00.0 00.0 01.8 08.7 15:24 SW 15 09.3 14.6 12:12 05.0 05:55 09.0 00.0 01.3 01.8 08.2 12:10 SW 16 07.6 09.6 00:19 03.8 23:58 10.7 00.0 01.0 03.6 14.4 13:50 WNW 17 03.3 06.3 14:29 -01.3 23:35 15.0 00.0 00.0 03.5 12.9 02:30 N 18 01.9 03.7 13:04 -01.9 01:31 16.4 00.0 00.0 05.1 11.3 23:11 SE 19 04.1 06.4 20:00 01.7 06:18 14.2 00.0 00.0 04.3 08.7 12:02 SSE 20 06.6 09.1 10:45 05.0 23:15 11.7 00.0 00.3 01.0 05.1 13:55 W 21 06.5 09.1 07:30 04.8 01:15 11.8 00.0 03.8 01.9 07.2 12:10 NE 22 07.2 09.3 17:16 05.4 01:57 11.1 00.0 01.0 02.5 11.8 12:04 W 23 05.9 09.8 15:31 02.8 06:37 12.4 00.0 00.0 02.3 10.8 15:41 W 24 05.2 08.0 14:09 03.7 05:33 13.1 00.0 00.5 02.4 09.3 01:57 SW 25 05.1 08.2 16:13 02.3 23:25 13.2 00.0 00.5 01.3 07.2 15:43 NW 26 05.6 08.5 14:22 01.8 03:45 12.7 00.0 00.0 04.5 12.4 15:09 SE 27 07.3 10.3 13:33 05.3 06:20 11.0 00.0 00.0 04.6 10.8 12:46 SE 28 07.1 10.7 17:09 04.5 22:59 11.2 00.0 03.3 03.0 11.8 21:43 S -------------------------------------------------------------------------------------------------------- 05.0 (5.0) 14.6 day 15 -01.9 day 18 372.9 000.0 011.9 03.9 15.4 day 10 ESE Min <= 30: 28 Max Rain: 3.8 ON 21-03-24 Days of Rain: 8 (> .2mm) 2 (> 2mm) 0 (> 20mm)