MONTHLY CLIMATOLOGICAL SUMMARY for MAY. 2020

NAME: Vejrstation Sortsų Strand   CITY: Sortsų Strand STATE: Denmark
ELEV: 3 LAT: 054:56:60 LONG: -011:58:60

                            TEMPERATURE ( °C), RAIN (mm), WIND SPEED (m/s)

                                               HEAT     COOL           AVG
      MEAN                                     DEG      DEG            WIND                       DOM
DAY   TEMP    HIGH   TIME     LOW    TIME      DAYS     DAYS    RAIN   SPEED    HIGH    TIME      DIR
--------------------------------------------------------------------------------------------------------
01    11.0    13.8   17:18    07.3   08:19     07.3     00.0    00.0   00.6     08.2    15:42      N 
02    10.9    12.1   16:05    08.1   08:15     07.4     00.0    00.8   00.7     07.7    13:37      N 
03    11.8    14.1   16:43    09.3   08:20     06.5     00.0    00.0   01.3     08.7    15:44      N 
04    11.2    12.5   07:40    08.2   07:48     07.1     00.0    00.0   01.6     10.3    19:36      N 
05    10.0    11.1   19:09    06.2   07:24     08.3     00.0    00.5   03.7     18.0    10:19      N 
06    11.2    13.2   17:30    09.1   09:36     07.1     00.0    00.0   01.7     12.4    19:38      N 
07    12.3    15.1   17:51    09.1   08:09     06.0     00.0    00.0   01.3     08.7    17:12      N 
08    14.3    17.6   18:03    08.6   07:58     04.0     00.0    00.0   00.9     08.7    17:54      N 
09    15.0    16.6   18:48    11.6   07:58     03.3     00.0    00.0   00.5     04.1    16:33      N 
10    15.6    19.8   11:26    12.9   19:24     02.7     00.0    00.0   01.4     11.8    19:23      N 
11    10.0    12.9   08:31    06.7   08:54     08.3     00.0    00.0   04.9     16.0    13:38      N 
12    08.5    11.4   13:25    06.7   17:00     09.8     00.0    01.0   01.6     12.4    15:51      N 
13    08.1    10.8   14:22    05.0   08:42     10.2     00.0    00.0   00.4     05.1    08:52      N 
14    09.6    11.8   18:31    07.3   08:58     08.7     00.0    00.0   01.8     09.8    13:51      N 
15    10.8    12.4   16:12    08.8   07:58     07.5     00.0    00.3   01.2     11.8    17:42      N 
16    12.1    14.5   17:31    09.5   07:45     06.2     00.0    00.0   01.7     14.4    10:09      N 
17    13.3    16.4   15:30    09.8   07:06     05.0     00.0    00.0   01.7     14.4    15:50      N 
18    12.5    14.1   09:56    10.3   10:15     05.8     00.0    01.5   00.4     07.7    17:41      N 
19    13.2    15.9   16:11    11.4   08:56     05.1     00.0    00.0   01.8     09.8    18:33      N 
20    13.5    16.3   18:24    09.6   07:46     04.8     00.0    00.0   01.2     07.7    14:02      N 
21    13.9    17.8   14:00    10.5   06:55     04.4     00.0    00.0   00.7     05.1    20:12      N 
22    13.4    16.2   11:28    12.4   08:47     04.9     00.0    00.0   02.7     10.8    18:06      N 
23    14.1    17.0   16:23    11.6   02:23     04.2     00.0    00.0   00.9     12.4    17:17      N 
24    13.5    14.9   13:46    10.6   08:50     04.8     00.0    00.8   01.0     15.4    12:51      N 
25    13.7    15.9   18:14    11.7   09:05     04.6     00.0    00.0   01.2     09.8    10:48      N 
26    15.2    17.7   13:19    13.8   09:10     03.1     00.0    00.0   00.5     05.1    15:06      N 
27    14.9    16.3   16:05    11.6   06:08     03.4     00.0    00.0   02.0     09.8    18:07      N 
28    15.0    16.7   16:29    13.0   08:53     03.3     00.0    00.0   00.9     08.2    13:10      N 
29    15.4    17.2   13:32    14.3   08:57     02.9     00.0    00.0   01.1     07.7    14:53     WNW
30    15.0    16.7   13:51    13.9   20:46     03.3     00.0    00.0   01.5     07.7    11:19     ENE
31    15.3    18.1   15:58    13.6   08:01     03.0     00.0    00.0   03.7     13.9    16:39     NNE
--------------------------------------------------------------------------------------------------------
12.7 (12.6)   19.8  day 10     05.0  day 13   172.9    000.0   004.8   01.5     18.0   day 05     N
Min <=   30: 31
Max Rain: 1.5 ON 18-05-20
Days of Rain: 6 (> .2mm) 0 (> 2mm) 0 (> 20mm)