MONTHLY CLIMATOLOGICAL SUMMARY for JAN. 2021

NAME: Vejrstation Sortsų Strand   CITY: Sortsų Strand STATE: Denmark
ELEV: 3 LAT: 054:56:60 LONG: -011:58:60

                            TEMPERATURE ( °C), RAIN (mm), WIND SPEED (m/s)

                                               HEAT     COOL           AVG
      MEAN                                     DEG      DEG            WIND                       DOM
DAY   TEMP    HIGH   TIME     LOW    TIME      DAYS     DAYS    RAIN   SPEED    HIGH    TIME      DIR
--------------------------------------------------------------------------------------------------------
01    02.1    03.2   01:40   -00.3   23:55     16.2     00.0    01.8   00.8     05.1    14:56     SSE
02    00.8    02.6   21:25   -01.3   02:52     17.5     00.0    00.3   01.4     06.2    16:28     NNE
03    03.2    03.9   12:01    02.2   00:59     15.1     00.0    01.5   07.0     14.9    21:06      N 
04    02.5    03.2   20:21    01.6   03:43     15.8     00.0    00.3   09.2     14.9    01:09      N 
05    02.9    03.4   16:45    01.9   02:55     15.4     00.0    00.3   08.6     13.4    07:04      N 
06    01.5    02.9   03:49    00.6   06:35     16.8     00.0    05.6   07.1     11.8    13:44      N 
07    01.7    02.5   12:32   -00.2   00:00     16.6     00.0    01.8   04.9     08.7    02:07      N 
08    00.7    02.1   15:31   -00.4   07:07     17.6     00.0    00.5   04.4     08.2    14:41      NW
09    01.4    02.6   13:04   -00.7   23:59     16.9     00.0    00.0   02.5     07.2    06:11      NW
10    00.7    02.4   16:39   -01.1   08:57     17.6     00.0    01.8   00.9     10.3    11:06      S 
11    02.7    03.5   14:13    01.0   02:27     15.6     00.0    03.3   02.9     14.4    23:27      S 
12    02.6    04.6   03:30    01.2   09:30     15.7     00.0    03.3   02.1     13.9    02:20     WSW
13    01.7    03.1   08:25    00.1   21:26     16.6     00.0    04.3   05.1     17.0    23:51     WNW
14    01.3    02.3   13:23    00.0   23:35     17.0     00.0    00.0   06.3     16.5    00:38      NW
15   -01.1    00.3   01:24   -02.6   10:43     19.4     00.0    00.0   05.3     11.3    12:51      NW
16   -02.0    00.0   18:58   -04.3   21:50     20.3     00.0    00.0   03.4     08.7    05:21     WNW
17   -01.1    01.5   11:43   -03.5   05:14     19.4     00.0    00.0   00.1     02.6    15:32      SW
18    00.2    02.6   21:16   -01.8   00:07     18.1     00.0    03.3   00.7     05.7    21:44     SSE
19    01.8    03.2   23:58    01.0   15:25     16.5     00.0    03.8   01.2     08.2    10:24     SSE
--------------------------------------------------------------------------------------------------------
01.2 (1.1)   04.6  day 12    -04.3  day 16   324.0    000.0   031.8   03.9     17.0   day 13     NNW
Max <=   0: 1
Min <=   30: 19
Max Rain: 5.6 ON 6-01-21
Days of Rain: 14 (> .2mm) 6 (> 2mm) 0 (> 20mm)